14 - -1) - 4?
-12
What is (-76 - -51) + (12 - -41)?
28
Calculate 133 + -125 + -1 + 1 + (5 - 6).
7
Evaluate -23 - (13 + (-10 - (30 + -18))).
-14
What is -2 + 2 - (-22 + 39 - 11)?
-6
What is the value of 7 - (0 + (-4 - 1) - (394 - 396))?
10
(-1 + 0 - (15 + -23)) + -27
-20
-20 + 35 - ((-2 - -2 - -8) + -2)
9
What is 8 - (-16 + 16) - 7?
1
Calculate (288 - 269) + -18 + 1.
2
What is (-3 + 18 - 23) + (0 + 3 - 6)?
-11
Calculate 13 - (0 - -4 - (-9 - (-7 - -1))).
6
Calculate -5 - (29 + 3 - (-6 - (-6 + -5))).
-32
What is the value of -2 + -28 - ((-11 - 2) + 14 + 3)?
-34
Calculate (12 - (-8 + 34)) + 15.
1
-42 + (-13 + 51 - 19)
-23
(0 - 3) + 4 + (-1 - -1) + -1
0
Evaluate (-19 - 11) + 30 + -13.
-13
22 - (33 + -55 + 40)
4
Calculate 1 - -19 - (51 - 2).
-29
What is the value of 1 + -6 - ((-7 - (-6 - -19)) + 5)?
10
What is the value of -1 + (5 - (8 + -21 + 8))?
9
What is the value of -14 + 11 - (-118 - -112)?
3
What is -22 + 35 - (-5 - (-4 - (4 - 0)))?
10
Calculate -37 - -41 - (32 + -2 + -4).
-22
Calculate 7 + 3 + 2 + 8 + -6.
14
What is the value of (-12 - -5) + 5 + -5 + 5?
-2
What is (-6 - (7 - 4)) + 19 - 0?
10
Calculate -2 + 6 + (-6 + -4 - 9).
-15
(0 - (15 - 3)) + 20 + -27 - 10
-29
What is the value of 4 - (9 - (17 - 7) - -9)?
-4
Calculate -27 - (11 - (8 + -6) - 6).
-30
What is the value of -4 + 23 + (-11 - (14 + -14))?
8
What is the value of 301 + -287 - (23 + -1)?
-8
Evaluate 30 + (15 - 18) + (6 - 19).
14
Calculate -30 - -9 - ((1 - 7) + 17 + -4).
-28
6 + (8 - 25) + 0 + 9
-2
17 + (14 + -12 - 10) - -9
18
Evaluate -7 + -5 + 14 - (1 + 0 + -10).
11
What is the value of -20 - (-65 - (4 - 42))?
7
Evaluate (0 - 3) + (-4 + (-7 - -9) - 8).
-13
What is the value of 35 + -22 + 4 + -32?
-15
Evaluate 6 - (-10 - (-2 - (2 + 1 + -6))).
17
Calculate 1 - -1 - (14 + 6) - (21 + -24).
-15
What is (-1 - (-5 + 9)) + -6 + 23?
12
What is the value of 19 + (13 - (34 - 19))?
17
What is the value of 0 - (-6 - (-15 + 8))?
-1
What is the value of 74 + -50 + -4 + -5?
15
Evaluate (78 - 62) + 1 - (1 + -7).
23
Evaluate 15 + -5 + -2 + 5 + 5 - 3.
15
3 - (3 + 18 - 9) - (16 + -23)
-2
What is (10 - 5) + (-6 + 6 - -5)?
10
Calculate 1 + 5 + -3 - (7 - 1).
-3
Calculate 60 - 58 - (1 + -1) - (-1 - -9).
-6
What is the value of -13 - -11 - (-6 + -2 + 18)?
-12
-8 + (6 - 1) + 11 + (2 - -3)
13
Evaluate -14 - (-5 - -6 - (4 - -1)).
-10
What is the value of -3 + 2 + 3 + -59 + 47?
-10
What is -2 + (9 - 8) + 18 + -9?
8
1 + -9 + 1 + 12 + 3
8
Evaluate 5 - (-15 + (4 - -5)).
11
-2212 + 2187 - (-1 + 3)
-27
-6 - 2 - -1 - (101 - 103) - -6
1
What is the value of 4 - (11 + -5 + (7 - 14) - 3)?
8
What is 4 + (64 - 13 - 27)?
28
What is -2 + 1 + -5 + 31 + (-14 - 8)?
3
What is the value of -11 + 2 - (-7 - (-7 + 4 + 4))?
-1
Evaluate -1 + 4 + -4 + (4 - 13).
-10
Calculate (2 - -3) + -11 + 17.
11
Evaluate -3 + (1 + -6 - -5).
-3
Evaluate 0 - -27 - (702 - 703).
28
What is (93 + -88 - (0 + -7)) + -5?
7
(4 - 3) + -4 + 21 + 11 - 1
28
What is the value of -4 - ((-5 - -7) + -7 + -16)?
17
What is the value of -26 - -14 - -1 - (-13 + 3)?
-1
-43 - (-4 + -5 + (-2 + -3 - -8))
-37
-8 + 6 + (-1 - (-4 + 3))
-2
What is the value of 3 + (-4 + 6 - 4) + (84 - 112)?
-27
Evaluate (-134 - -127) + (1 - -1).
-5
What is 4 - (-5 + 25 + (6 - 7 - 9))?
-6
What is the value of -16 + (-1 - -10) + (5 - 14)?
-16
What is the value of (8 - -4) + 12 - 7?
17
(-26 + 12 - (-23 + 3)) + (-1 - -3)
8
Calculate 3 + -13 + (3 - (11 - 19)).
1
3 + -15 + 15 - (4 - 2)
1
What is -5 + 8 + 4 - (4 - -4)?
-1
24 + (-22 - ((0 - 8) + 0) - -8)
18
-19 - (15 + 6 + -48)
8
Calculate -3 + 1 + 10 + (-52 - -56).
12
What is -16 - (-29 - (-1 + -9))?
3
9 - 1 - (-22 + 16 + 19 + 9)
-14
What is the value of 13 + (-10 - -2) + -5?
0
6 - (25 - 13 - (0 - -21))
15
What is the value of -16 - (14 + -28 + -24)?
22
Evaluate (-17 - -17 - 7) + 12.
5
Calculate 25 - (30 + 61 - 35).
-31
(14 + -65 - 3 - -16) + 9
-29
What is the value of -4 + -7 + (-5 - ((8 - 3) + -8))?
-13
6 + 0 - 2 - (15 - (32 - 20))
1
Evaluate 14 - (-5 + -18) - 14.
23
What is -6 + (27 - 2 - (-8 + 18))?
9
Evaluate 11 + 0 + (4 - (-47 - -57)).
5
Evaluate (4 - (-2 + 2)) + 2.
6
Calculate -1 - -3 - (-5 + 1 + 3 + 2).
1
Evaluate 684 - 677 - (17 + -1 + 1) - 11.
-21
What is (-7 + 60 - 23) + -21?
9
14 + -7 + -12 - (6 - -3)
-14
What is 1 + -8 + -3 + -2 + (0 - -6)?
-6
Evaluate (27 - 25) + (2 - 13) + 16.
7
Calculate -51 + 41 + (19 - 18).
-9
Evaluate 19 - (0 - (7 - -2) - -12).
16
Evaluate -1 + -14 + 4 + 8 - 2.
-5
What is -1 + (2 - -6) + (-32 - -40) - -1?
16
(-7 - -2) + 93 + -61 + (2 - -7)
36
78 + -89 - (1 + -6)
-6
Evaluate 4 + 1 + (-3 - 19) + (-2 - -1).
-18
What is the value of (3 - 21 - (1 - -6)) + 12?
-13
Evaluate (24 - 15) + 0 - 24.
-15
-13 + -2 - (-87 + 69)
3
What is the value of -4 + (-10 - -20) + -7 - 16?
-17
658 + -652 - (23 + -1)
-16
Evaluate (-50 - -78) + 8 + -5 + -13.
18
What is the value of (35 - 42) + (1 - -3) + (-11 - -11)?
-3
42 + -51 + 22 + -1 + -3
9
15 - (4 - (17 - 13 - -9))
24
11 + 1 - (-3 + 0 + 7 + -5)
13
(-9 - -3 - -2) + 21
17
What is (0 - 1) + (-19 + (11 - -1) - -12)?
4
-1 - (5 + (-17 + -3 - 2) - -3)
13
What is -1 - (4 + -9 + 7 + (-3 - -8))?
-8
Calculate 48 + (1 - (37 + -26)).
38
Evaluate (10 - 2 - (-31 + 44)) + -6.
-11
Calculate -10 + (-15 - -39 - 0).
14
What is (-5 - 6) + 0 + -9 + 0?
-20
What is the value of -11 - -1 - 5 - (-9 - -5)?
-11
What is -7 + (6 - (8 + -1 - (1 + 1)))?
-6
What is the value of 41 + -1 - (226 - 197)?
11
Calculate 8 - (-2 - (3 + -10)) - 9.
-6
15 - (-3 + 3) - (-13 - (-17 - -6))
17
What is the value of 10 - (13 - (9 - 9))?
-3
What is the value of (-13 - (-10 - 23)) + 0?
20
Calculate (0 - -3) + (-4 - (-8 - 3)) - 8.
2
Calculate 0 + (-4 - (-9 - (21 + (1 - 4)))).
23
(3 - 1) + 1 + -6 - (0 + 3)
-6
-30 + 10 + 28 + -15
-7
Evaluate 21 - ((36 - 27) + 26).
-14
Calculate 8 + 3 - (-17 - -16).
12
What is -1 + 6 - (-11 + 3) - 7?
6
Calculate -1 + -31 + 34 + (5 - 1).
6
(-3 - (7 + 1)) + (-112 - -109)
-14
What is the value of 27 + -11 - 17 - 0?
-1
2 - (-6 + (2 - 4 - (0 - 5)))
5
What is the value of (-15 + 2 - 4) + 17 - -7?
7
Evaluate 2 + -13 + (184 - 169).
4
What is the value of (-35 - 5) + -298 + 311?
-27
What is the value of (-19 - (-5 + -4) - -8) + 0?
-2
What is -1 - -4 - (11 + -7 + 9)?
-10
28 + 4 + -8 - 19
5
What is the value of (19 - 2 - 34) + 13?
-4
Evaluate (12 - (10 - 6)) + -16 + 20.
12
What is the value of 0 + -1 + 2 - (29 + -50 + 7)?
15
Calculate -33 - -4 - (-10 + 1 + -2).
-18
Calculate 7 + -9 + 4 + 9 + -11.
0
Evaluate (0 + -3 - (28 - 31)) + 4 + 1.
5
What is the value of (-26 - (-11 + -6)) + -5?
-14
Evaluate (10 - 2) + (-3 - -3).
8
What is -5 + 13 + 12 + -24 + 2?
-2
35 + -36 + 45 + -16
28
What is 0 - (0 + 0 + 9 + -275 + 259)?
7
Calculate (-823 - -841) + 2 + -12.
8
54 + -13 - 39 - (-18 + 2)
18
Evaluate -9 - (6 + (10 - -2 - 16)).
-11
What is (-4 + 13 - 8) + (-11 - -1) - 3?
-12
Evaluate 15 - (16 + -15 + 13).
1
What is (-7 - 14) + 13 + -12?
-20
-4 + -3 + 17 - (-6 + 1)
15
(46 + -39 - 11) + (2 + 7 - 1)
4
Calculate 2 - (18 - (19 + -8)).
-5
What is the value of 10 - (11 + -42 + (6 - (12 - 6)))?
41
What is 11 - (11 - (-1 - -13))?
12
What is (23 - 10 - 15) + 7?
5
What is 0 - ((-5 - -1) + -1 + 0 + 0)?
5
Calculate 17 - -2 - (23 + 6 + -16).
6
Evaluate 2 + -5 + 27 + -15 + (-3 - -4).
10
Calculate (4 - 6) + 70 + -79.
-11
What is 14 - (-11 + -1 + 28)?
-2
0 - -1 - 3 - -11 - (-1245 + 1254)
0
Evaluate 0 + (4 - 1) + (-69 + 46 - -19).
-1
9 + -22 - (5 + -28)
10
10 + (-7 - ((5 - 3) + -1 + -6))
8
1 - (-7 + (-8 - (20 - (1 - -8))))
27
Calculate (0 - 11) + (-7 - (-46 + 20)).
8
What is (11 - -3) + (1 - 0) + (-15 - -19)?
19
Calculate 13 - (-8 - (-14 + -2) - 9).
14
What is the value of -3 - (2 + (4 - (2 - -2))) - -2?
-3
-64 - -95 - (9 - (1 - (3 - 4)))
24
3 + -2 + 2 - (461 + -471)
13
What is -2 + (3 - -2) - (-8 - (-34 - -17))?
-6
What is the value of (32 - 68) + 16 + 52?
32
(5 - -1) + (2 - 17 - -6) - -15
12
What is the value of -5 - (-7 + 10 - 13) - -19?
24
10 - (38 + 1 + 159 + -169)
-19
Calculate -117 - -105 - (-2 + -21).
11
What is the value of 1 + 10 + -4 - (3 + 18) - -6?
-8
What is the value of 9 + (0 + 9 - (-48 + 56))?
10
What is 8 + (7 + -3 - 36) + 4?
-20
Calculate (-1 - -2) + 3 - (5 - -2 - -1).
-4
48 + (-1 - 3) + (175 - 185)
34
30 + -56 - (-16 - (-6 - -1))
-15
-3 - -2 - -2 - (-28 + -2 + 15)
16
What is the value of 1 + 14 - (22 - (83 - 58))?
18
(2 - -